490734. Determine u(-269).
-33
Let c(y) = 114724*y - 49. Give c(0).
-49
Let z(r) = 3*r**3 + 53*r**2 - 3460*r + 59. Determine z(-44).
-645
Let o(j) = 2*j**3 - 33*j**2 + 468*j - 8066. Calculate o(17).
179
Let f(n) = 2512*n - 40724. Calculate f(15).
-3044
Let r(y) = 46129*y + 1568389. What is r(-34)?
3
Let z(x) = 4*x**2 - 45637*x - 822764. Give z(-18).
-2
Let j(t) = 2*t**2 + 1061*t - 704865. Give j(385).
70
Let p(a) = 2*a**2 - 9*a - 28871. Determine p(-118).
39
Let j(z) = 403*z - 76551. Calculate j(190).
19
Let r(u) = u**3 - 2*u**2 - 71*u + 277. Give r(4).
25
Let w(a) = a**3 + 90*a**2 + 2135*a + 4827. Calculate w(-42).
-171
Let b(o) = -49*o**2 + 2616*o - 1017. Give b(53).
-10
Let x(h) = 101*h**3 - 17*h**2 + 36*h - 12. Calculate x(2).
800
Let a(w) = w**2 - 1379*w - 105. What is a(0)?
-105
Let v(u) = -80*u**2 - 10176*u - 2022. Determine v(-127).
10
Let h(m) = 88310*m + 1412947. What is h(-16)?
-13
Let w(m) = -4*m**2 - 1078*m - 44907. Calculate w(-218).
1
Let x(y) = 14*y**3 + 17*y**2 + 278*y + 1682. Give x(-7).
-4233
Let o(v) = -2*v**2 - 320*v - 2880. What is o(-152)?
-448
Let d(g) = -2*g**2 + 664*g + 392351. Calculate d(639).
5
Let q(r) = -391*r - 24215. What is q(-62)?
27
Let d(c) = -153092*c + 153124. Give d(1).
32
Let f(u) = 3784*u - 68557. What is f(18)?
-445
Let a(c) = 15*c**2 - 356*c + 1821. Calculate a(7).
64
Let k(b) = -7*b**3 - 928*b**2 + 385*b - 598. Calculate k(-133).
1264
Let u(v) = -28*v**2 + 116*v - 63. What is u(2)?
57
Let r(b) = 60*b**3 + 1021*b**2 + 22*b - 144. Determine r(-17).
-229
Let r(h) = -41*h - 2913. Give r(-110).
1597
Let u(f) = 759*f - 30591. What is u(45)?
3564
Let b(r) = 2322*r + 33037. Give b(-14).
529
Let s(x) = 11*x**3 + 276*x**2 + 22*x - 32. Give s(-25).
43
Let z(j) = 34*j**2 - 1852*j - 117392. Determine z(92).
0
Let k(a) = 839*a - 182323. Determine k(218).
579
Let j(d) = d**2 + 526*d + 5195. What is j(-10)?
35
Let l(f) = -7*f**2 + 202*f - 476. Give l(18).
892
Let q(m) = -5517*m - 143443. Calculate q(-26).
-1
Let h(s) = s**2 - 368*s - 4165. Determine h(-11).
4
Let c(n) = -1191*n + 20508. Determine c(17).
261
Let y(f) = -7*f**2 - 926*f + 12907. Determine y(-145).
2
Let x(l) = -21*l**2 - 3022*l + 290. Determine x(-144).
2
Let p(u) = -19*u**3 - 1256*u**2 - 151*u - 1252. Determine p(-66).
2
Let n(p) = -29885*p + 111. Give n(0).
111
Let y(p) = 21471*p + 43148. Give y(-2).
206
Let o(r) = -16139*r + 9877063. What is o(612)?
-5
Let s(h) = 44230*h - 531055. Determine s(12).
-295
Let t(j) = -40*j**2 - 75080*j + 1. Determine t(-1877).
1
Let w(t) = 42*t**2 - 1765*t + 195. Calculate w(42).
153
Let l(d) = -2898*d - 11458. Give l(-4).
134
Let a(i) = 5246*i + 11630. What is a(-2)?
1138
Let m(r) = 90*r**3 + 8*r**2 + 5*r + 12. Give m(-2).
-686
Let v(a) = 1495*a + 133838. What is v(-89)?
783
Let m(g) = g**2 - 10937*g - 384015. Determine m(-35).
5
Let t(v) = v**2 - 179*v + 7744. Calculate t(73).
6
Let o(t) = -7*t**2 - 121*t + 589. Give o(-21).
43
Let o(y) = y**3 + 31*y**2 + 100*y + 54. Give o(-5).
204
Let b(u) = 14635*u - 28914. Determine b(2).
356
Let t(x) = 133*x**2 + 1721*x - 6931. What is t(4)?
2081
Let a(x) = -4595*x + 68930. Give a(15).
5
Let m(u) = -u**3 - 8*u**2 + 856*u + 9662. What is m(-12)?
-34
Let d(u) = 15*u**2 + 24720*u + 7. Give d(-1648).
7
Let j(f) = 39*f**2 - 551*f + 59. Give j(14).
-11
Let r(f) = -5*f**3 + 38*f**2 + 319*f - 2522. Determine r(8).
-98
Let a(x) = 36164*x - 614781. Determine a(17).
7
Let f(m) = 24393*m - 1268419. Calculate f(52).
17
Let w(q) = 27401*q - 547997. Calculate w(20).
23
Let v(g) = -g**3 - 624*g**2 - 4277*g + 17. Give v(-7).
-277
Let n(h) = 2*h**3 - 12*h**2 + 65*h - 193. Give n(4).
3
Let p(r) = -3544*r + 2813943. Calculate p(794).
7
Let t(f) = -313889*f - 2511123. Give t(-8).
-11
Let u(w) = -504*w + 25540. Calculate u(51).
-164
Let p(d) = -4116*d + 20197. Give p(5).
-383
Let u(i) = -i**2 + 766*i - 12002. What is u(16)?
-2
Let r(z) = 915*z**2 + 21125*z + 1822. Determine r(-23).
-18
Let q(d) = -2*d**2 + 585*d - 2920. Calculate q(5).
-45
Let b(m) = -m**3 + 11*m**2 + 19387*m - 77653. What is b(4)?
7
Let y(q) = 1675*q - 2270. Determine y(2).
1080
Let d(v) = -8*v**2 + 271*v - 902. Give d(4).
54
Let h(t) = -t**3 + 7*t**2 - 97*t + 469. What is h(6)?
-77
Let s(y) = -2*y**3 + 24*y**2 + 43*y + 149. Give s(14).
-33
Let g(b) = -215*b**2 - 9025*b + 10. Determine g(-42).
-200
Let j(p) = 15*p**2 - 69*p - 353. What is j(-5)?
367
Let q(c) = c**2 - 59494*c + 475885. Give q(8).
-3
Let x(w) = -8769*w + 17569. What is x(2)?
31
Let a(z) = 54*z**2 - 224*z - 12032. Give a(-13).
6
Let k(h) = -688*h - 7364. What is k(-10)?
-484
Let h(v) = -v**3 + 72*v**2 - 80*v + 536. Determine h(71).
-103
Let i(y) = -136*y**3 - 30597*y**2 + 595*y - 18005. Give i(-225).
-5
Let q(l) = -4*l**2 - 165*l + 27. Give q(-12).
1431
Let b(u) = -u**3 + 42509*u**2 + 85062*u + 73. What is b(-2)?
-7
Let w(n) = 842*n + 3509. Calculate w(-4).
141
Let b(t) = -123*t**2 + 243*t + 51. Calculate b(2).
45
Let p(g) = -5*g**3 + 8*g**2 + 104*g + 378. Determine p(-5).
683
Let v(n) = 24*n**2 - 123*n + 564. Give v(6).
690
Let v(x) = x**3 + 26*x**2 + 83*x + 594. What is v(-25)?
-856
Let a(p) = 725*p**2 + 59461*p + 856. What is a(-82)?
-46
Let k(d) = 8*d**2 + 286*d + 1088. Give k(-4).
72
Let j(c) = -7*c**2 - 1144*c + 36860. Determine j(-191).
-3
Let c(v) = 481*v**3 + 3*v**2 + 11*v - 10. Determine c(1).
485
Let t(m) = 189*m + 1163. Give t(-6).
29
Let f(s) = s**2 + 16525*s - 66113. Determine f(4).
3
Let n(t) = -25227*t - 151028. Calculate n(-6).
334
Let g(j) = j**3 - 97*j**2 + 2375*j - 2709. What is g(54)?
153
Let z(a) = -17*a**3 + 195*a**2 - 933*a + 7. Give z(5).
-1908
Let d(n) = n**2 + 39*n - 382. Calculate d(30).
1688
Let n(m) = -19000*m + 37947. Give n(2).
-53
Let z(u) = 648*u**2 - 5169*u - 140. Calculate z(8).
-20
Let g(h) = -2*h**2 - 593*h - 41617. Determine g(-181).
194
Let w(d) = d**3 - 25*d**2 + 4*d + 581. What is w(23)?
-385
Let t(x) = -21732*x - 478142. What is t(-22)?
-38
Let l(r) = 2*r**3 + 261*r**2 + 485*r - 66. Determine l(-2).
-8
Let l(i) = i**3 + 4005*i**2 - 20048*i - 5. Calculate l(5).
5
Let p(c) = -44861*c - 1121504. Give p(-25).
21
Let b(n) = n**3 + 7*n**2 - 607*n - 4215. Give b(-7).
34
Let o(s) = 1486*s - 41606. What is o(28)?
2
Let u(f) = 14042*f - 730202. Give u(52).
-18
Let h(f) = -5683*f - 2585760. Determine h(-455).
5
Let h(z) = 312*z + 1369. Determine h(-4).
121
Let j(n) = -7*n**3 - 181*n**2 + 237*n + 581. Determine j(-27).
14
Let l(n) = 2*n**3 + 64*n**2 - 154*n - 603. What is l(-34)?
9
Let i(h) = h**3 - 156*h**2 - 243*h + 13573. Give i(157).
71
Let t(z) = -3*z**3 + 19*z**2 + 223*z + 206. Calculate t(13).
-275
Let z(k) = 8*k**3 - 12*k**2 - 52*k + 19. Calculate z(-2).
11
Let m(c) = 1579*c - 386864. Give m(245).
-9
Let d(t) = 364*t - 12201. What is d(33)?
-189
Let h(y) = -185*y**2 + 8*y - 13. Calculate h(5).
-4598
Let r(h) = 2*h**2 - 604*h + 1194. Give r(2).
-6
Let n(r) = 2*r**3 - 30*r**2 - 141*r + 2345. Calculate n(14).
-21
Let i(z) = -432*z + 4168. Calculate i(10).
-152
Let o(c) = 16955*c - 220399. Calculate o(13).
16
Let z(q) = 802*q + 51688. Calculate z(-64).
360
Let h(g) = 5830*g + 536358. Determine h(-92).
-2
Let p(v) = -v**2 - 1677*v + 70436. What is p(41)?
-2
Let s(i) = i**2 - 250*i + 14264. Give s(88).
8
Let g(f) = 3048*f - 7434. Give g(2).
-1338
Let z(p) = 103*p - 27222. Calculate z(265).
73
Let z(v) = 129827*v - 908821. Determine z(7).
-32
Let x(a) = -a**2 + 11121*a + 334511. Calculate x(-30).
-19
Let g(k) = -1009*k - 27860. Give g(-28).
392
Let n(s) = 2*s**3 + 431*s**2 + 10985*s + 2040. Determine n(-186).
-6
Let k(t) = 7*t**3 - 59*t**2 + 25*t - 22. Determine k(9).
527
Let s(h) = -2426*h - 29131. What is s(-12)?
-19
Let w(t) = 17128*t + 359687. Determine w(-21).
-1
Let x(d) = 34*d**2 + 603*d + 2534. Calculate x(-11).
15
Let u(x) = x**2 + 207*x - 5672. What is u(25)?
128
Let j(f) = 65*f + 319. Determine j(-9).
-266
Let z(o) = 418854*o - 14241048. Determine z(34).
-12
Let j(i) = -3*i**2 + 182*i - 107. Determine j(-7).
-1528
Let x(u) = 41*u**2 + 22*u - 71. What is x(2)?
137
Let c(k) = -16*k**2 + 3416*k + 30185. What is c(222)?
-7
Let a(r) = -365*r - 167923. Calculate a(-461).
342
Let x(c) = -13*c**2 - 435*c + 3363. Give x(8).
-949
Let c(r) = 4242655*r - 42426554. What is c(10)?
-4
Let d(c) = -598*c - 80040. Determine d(-134).
92
Let